 - 9) - (2 + -85)?
90
-21 - (-15 + -38 + -20 + 20 + -16)
48
(118 - 87) + (3 - -1) + -16
19
What is -41 - (-119 + 0 + (2879 - 2858))?
57
What is -1 + (21 - -1) + -2 - (729 - 716)?
6
What is 14 + 0 + (2 - -8) + -33 + (14 - 1)?
4
Calculate (-19 + 1 - 2) + (292 - 314 - -60).
18
Calculate (7 - 3) + 19 + -19 + 9 + 5 + -4.
14
-28 - ((-1 - (-23 - -16)) + 0)
-34
4 + 82 + -21 + 37 + -32 + 1 + 11
82
Calculate (151 + -60 - 157) + 58.
-8
What is 48 - (-13 + (18 + -21 - -19) - (1 - -1))?
47
What is the value of 2309 - 2218 - (51 - 0)?
40
Calculate 83 + 6 + -33 + -21.
35
Evaluate (-67 - ((16 - -9) + -52)) + 28.
-12
Evaluate (-117 + 157 - -86) + -13.
113
What is the value of -18 + 13 + -27 - 14 - (-12 + 5)?
-39
Calculate -16 - (-4 + -4 - (-2 - (9 - 11))).
-8
201 - 222 - (-27 + 25)
-19
What is (11 - -74 - 191) + 67?
-39
(0 - -21 - (5 - 0)) + (72 - 154)
-66
What is (-78 - 3) + (2 - -3) + 27?
-49
What is (-6 - -12) + (8 - (4 + 41 + 2 + 3))?
-36
What is -82 + 15 - (9 + -57)?
-19
(-2 - (2 + 1 - 4) - (-179 + 130)) + -4
44
Evaluate 12 - 85 - -65 - -59.
51
What is 17 + (9 - 7 - 12) - (-27 - -2)?
32
Evaluate (65 - 65) + (14 - ((-9 - -3) + 5)).
15
What is the value of -1 + 22 + -2 + 18 - 15?
22
-100 - ((-20 - 2 - 9) + (29 - 16))
-82
Evaluate -22 - (24 - -1 - 94 - -25).
22
Evaluate 21 + -14 - -14 - 21 - -80.
80
48 - (-16 - 28 - -164)
-72
27 + -22 - 9 - (-9 - -4 - 16)
17
What is (-18 - -15) + 12 + 0 + -35?
-26
-14 + 61 + 1 - 33
15
Evaluate -113 + 55 + 52 + -15.
-21
What is the value of -3 - (71 + 1 + -1 + (-2 - (-35 - -35)))?
-72
-128 + -2 - (10 + (16 - 29 - 8))
-119
What is the value of 92 + 1 + -6 - (-1330 + 1362)?
55
What is -103 + 178 + -108 + 155?
122
(-90 - -54 - -21) + -22
-37
(4 - 150) + (2 - -18) + 13 + -18
-131
What is -220 - (-75 - -228 - 254)?
-119
Evaluate 10 + 1 - (-23 + -15 + 40 + 4) - 47.
-42
What is (0 - 0) + (23 + 8 + -1 + -11 - 134)?
-115
What is the value of (-131 + 119 - (-20 + 1)) + 25?
32
Calculate -21 - ((-870 - -822) + 1 + -7).
33
21 + -28 + (65 - (30 + -12 - 4))
44
Evaluate (0 + 2 - -2) + -86 + -90 + 183.
11
Calculate 1489 + -1545 + 0 + 105.
49
Calculate (-295 - -276) + 28 + 2 + -26.
-15
Calculate 0 - 35 - (27741 + -27787).
11
What is the value of 8 + (13 - (11 + 9)) - 5?
-4
-1 - -24 - (-57 - 28 - -141)
-33
Evaluate -61 + 20 - (-9 - 1).
-31
What is the value of 1 - -32 - ((87 - 76) + 0 + -27)?
49
What is the value of (-2895 - -2898) + (1 - (0 - -3 - 2) - -50)?
53
What is 1 + (21 - 14) + -67 + 15?
-44
What is the value of -81 - (-7 + 3 + (-48 - -19))?
-48
Calculate 7 - (-1 + -31 - 23) - (-6 - -1).
67
What is (-1 - 9) + (1 - (-4 + (-10 - -23) - -13))?
-31
Calculate (-19 - -33 - -1) + -24 - 56.
-65
Calculate 12 - (-2 - -20) - -24 - 17 - (-8 + -1).
10
What is the value of 35 + 1 + 4 + 1 + (-5 - (-19 + 13))?
42
What is 12 - (7 + -37 + -38 - -19)?
61
663 - 649 - (-6 - (0 - -1))
21
Evaluate -13 + 2 - (54 + (21 - 45)).
-41
Evaluate (-2 - (-6 - (-13 + -57))) + 7 + (1 - 6).
-64
Calculate (-797 + 779 - (-3 + 1 - -48)) + -11.
-75
What is the value of -32 + 43 + (-35 - -30)?
6
Calculate (-19 - -2) + -36 + (-28 - -50).
-31
Calculate 18 - (-37 - ((13 - 13) + -31)).
24
-86 - (-73 + 140 + -119)
-34
Evaluate (20 - -5) + (-8 - (1 + 1) - -14).
29
Calculate -3 + (-26 - 10) + 16.
-23
(42 + 20 - -1) + -3 + 1 + 17
78
Calculate 12 + (-56 - -117) + -33.
40
What is 0 + -12 - (63 - (68 + -2)) - (2 - -92)?
-103
Evaluate 8 + 18 + 31 + -7 + 37.
87
What is -139 + (-64 - -236) - (-2 + 1 - (-2 + 1))?
33
Calculate -67 + (-67 - -87) - (3 + -4 + (2 - 2)).
-46
(-26 + -18 - -38) + -3 + (1 - 1)
-9
-8 - -1 - (2182 + -2221)
32
-7 - (-76 - -95 - 69)
43
What is the value of 37 - (-6 - -7) - (-905 - -932)?
9
Evaluate -93 + 49 - -60 - -25.
41
What is the value of 6 + 9 + (-115 + 12 + -13 - -28)?
-73
1 - 17 - (26 + 10 + 32)
-84
Evaluate (7 - (18 + -5 + -8)) + 8 + -9 - -10.
11
What is the value of (2 - (-2 - 2)) + (-17 - (-29 - 20))?
38
18 - (-10 + 44 + -21)
5
Calculate -3 + -48 + (13 - ((13 - 11) + 12) - -6).
-46
(-109 - 0) + (-29 - -11) + 16 + -193 + 195
-109
What is -420 + 409 + (2 - -54)?
45
What is -3 + (45 - (-70 - (3 + 11)))?
126
63 - (-1 - -5 - (-21 + (8 + 3 - -8)))
57
43 - (48 - (-31 + 50))
14
Evaluate (-38 - (0 - -8)) + (-1 - -1) - -4.
-42
What is (-4 - -14) + -6 + (2 - -13) + (-82 - -72)?
9
What is the value of (-100 - 1) + 61 + 43?
3
What is the value of -49 + 46 + 2 + 14 - (67 - 163)?
109
Evaluate 2 - -9 - (3355 + -3490).
146
Evaluate 9 + (22 - (-21 - -38) - -3 - (-7 + -1)).
25
What is (-58 - 33) + 30 + 39?
-22
What is the value of -161 - (24 + -71 - 70)?
-44
What is -80 + 2 + 42 + -34 + 16?
-54
What is the value of -51 - (4 - 29 - (-65 - -57))?
-34
Evaluate (-5 - -1) + (11 - -6 - (10 + 1)) + -32.
-30
What is 2 - (1 - ((39 - 32) + (-1 - 2 - 58)))?
-53
What is 70 + -4 + (7 - 31) + (32 - -4)?
78
What is -46 + (-20 - -68) + 43?
45
Evaluate (-41 - -64) + (-6 + -18 - 7).
-8
108 + -202 - -114 - (-1 + -86)
107
Calculate -6 + 50 - (-7 - -4).
47
Evaluate -9 + 5 - (-346 + 343) - (45 + -1).
-45
69 + (27 - (-39 + 78)) + -2
55
What is (0 - 66) + (-417 - -422)?
-61
What is the value of -125 + (50 - (-59 + 26))?
-42
Calculate 89 - (-104 - (-113 + -76)).
4
Calculate 61 + (-61 - -10) + (-2 - (-2 + 0) - 19).
-9
What is the value of 37 + 7 - 9 - (14 + -1) - -29?
51
What is the value of (0 - -1 - ((-50 - -87) + -41)) + -22?
-17
What is the value of (0 - -61) + (-3938 - -3906)?
29
Evaluate (16 + 45 - 63) + (0 - -12).
10
What is 25248 + -25412 - (-86 - -1)?
-79
Calculate -84 - (-131 + 124 - -8).
-85
What is the value of (-45 - -45) + 13 + -9?
4
Calculate 63 + (-40 - -6) + 6.
35
Calculate -6 + (4 - 3) + (20 - 46) + 10.
-21
What is (-9 - -10) + (24 - 49 - -5)?
-19
Evaluate -1 + 17 + 156 + -268 + 126.
30
Evaluate -11 + (21 - (13 + 11) - -15).
1
What is -2 - (5 + -65 + -9) - ((4 - 0) + -10)?
73
-91 + 85 + 73 - 16
51
What is -35 - 4 - (33 + -9 + (2 - 32))?
-33
Evaluate -39 + (48 + -57 - (-24 + 1)) + 0.
-25
What is -129 - (-71 - -30 - -8) - (24 + -2)?
-118
Calculate -75 + 110 + -41 + 27.
21
What is the value of 26 + 15 + 81 + -98?
24
(-28 - (-23 + 11 - 10)) + 21
15
Evaluate 14 - ((-2 - 44) + 60 - (-64 + -2)).
-66
What is 10 - ((-6 - 5) + -5 - -8) - 0?
18
What is (-2 - (0 + 3 + 5) - (29 - 42)) + 103?
106
What is (0 - 9) + ((0 + -9 - -11) + -2 - -30)?
21
Evaluate (1 - 2 - 4) + -5 + 3 - -38.
31
What is the value of 198 + -60 + -7 + (-6 - -13) + -21?
117
(34 - (15 + -12 - -11) - (-1 - -12)) + 121
130
Evaluate -6 + (-13 - (18 - 45)) + -139 + 14.
-117
-53 + (-8 - (-13 + 6 - 10)) + -1
-45
-857 + 847 - (-16 - 0 - 1)
7
Evaluate (103 - 83) + (8 - (-10 - (-4 + -3))).
31
Evaluate 142 + -150 + (-3 - (-12 + (1 - 4)) - 3).
1
Evaluate 12 - (17 - (26 + -17) - (8 - -3) - -4).
11
Calculate (2 + 8 - 15 - 7) + 37.
25
Evaluate 23 + -119 - ((24 - -9) + -59).
-70
What is the value of -54 - (-4 + (-89 - -98) + (-8 - (-3 + 3)))?
-51
-296 + 289 + 11 + -2 + 3
5
Calculate (-33 - (-56 - -125)) + 151.
49
Evaluate 233 + -126 - (75 + -21).
53
Evaluate 6 + 52 + (-181 - -143).
20
What is the value of 15 - (27 - (-56 - 46))?
-114
18 + -44 + 65 + (5 - 2)
42
What is -56 - (135 + -102 - 98)?
9
Evaluate -28 + (-37 - -81) - ((127 - -5) + -6).
-110
Evaluate -11 - -6 - -4 - (-59 + 40).
18
What is 5 + -22 + 13 + -56 + -15?
-75
Evaluate (46 - -2 - -1) + 124 + -48 + -92.
33
Evaluate 99 - (1 - (-11 + (0 + -2 + 9 - 5))).
89
What is 10 + (13 - 15) + 3 + (-44 - 2)?
-35
What is the value of (-3 + 6 - 6) + 20 - (-666 - -655)?
28
Calculate -83 + 92 + 1 + 1 - 15 - -28.
24
Evaluate -1 + (2 - -28) + -662 + 655 + -2.
20
What is (-59 - -3) + (50 - 5)?
-11
What is -21 - (0 + -13 + -13 + 53)?
-48
What is the value of ((3 - 1) + 3 - (601 + -557)) + 1 + -5?
-43
-1987 - -1939 - (3 + -175)
124
What is the value of -165 + 161 - (-9 + (-54 - 7))?
66
What is the value of 67 + (0 + 0 - 54)?
13
Calculate (60 - 54) + (25 + -12 - -6).
25
Evaluate 61 + 23 + -26 + -61.
-3
What is 15 + -38 + 18 - ((0 - -1) + -28 + 12)?
10
-66 + 99 - ((10 - -4) + -12)
31
What is the value of -24 - ((-5 + 2 + -1 - -7) + -7)?
-20
Calculate 18 - (4 - (-13 + 2)) - 3.
0
Evaluate 20 + ((-6 - -21) + -5 + -4 - 3).
23
Calculate 17 + -29 - ((-6 - -1) + (-4 - -10)).
-13
(-2 - -46) + (-61 - (-145 - -62))
66
Calculate (12 - (11 - 0)) + -17 + -2 - (66 + -72).
-12
What is 3 + (27 - -25) + -8 - (1 - -4)?
42
